{"id":854,"date":"2017-09-13T20:28:20","date_gmt":"2017-09-13T18:28:20","guid":{"rendered":"http:\/\/www.eoleenbeauce.fr\/?page_id=854"},"modified":"2026-03-13T05:09:52","modified_gmt":"2026-03-13T04:09:52","slug":"les-salles-communales","status":"publish","type":"page","link":"https:\/\/www.eoleenbeauce.fr\/notre-commune\/les-salles-communales\/","title":{"rendered":"Location de salle"},"content":{"rendered":"<div class=\"page\">\n<div class=\"hero-title-wrap\">\n<h1 class=\"hero-title\">La Location de Salle<\/h1>\n<div class=\"hero-bar\"><\/div>\n<\/p><\/div>\n<div class=\"intro-text\">\n<p>Notre commune d&rsquo;\u00c9ole-en-Beauce poss\u00e8de <strong>5 salles polyvalentes<\/strong>, <strong>2 petites salles<\/strong> et une <strong>salle de r\u00e9union<\/strong>.<\/p>\n<p>Toutes les salles polyvalentes peuvent \u00eatre lou\u00e9es par des particuliers, entreprises et associations, qu&rsquo;ils soient habitants ou non de la commune d&rsquo;\u00c9ole-en-Beauce.<\/p>\n<p>Les petites salles peuvent \u00eatre lou\u00e9es par des particuliers, entreprises et associations de la commune.<\/p>\n<p>La salle de r\u00e9union peut \u00eatre r\u00e9serv\u00e9e par les associations de la commune.<\/p>\n<\/p><\/div>\n<hr class=\"divider\"\/>\n<div class=\"section-label\"><span>Tarifs au 01\/01\/2025<\/span><\/div>\n<p class=\"table-hint\">\ud83d\udc46 Faites glisser le tableau pour voir tous les tarifs<\/p>\n<div class=\"table-wrapper\">\n<table>\n<tbody>\n<tr>\n<td class=\"thead-main\"><\/td>\n<td class=\"thead-main\" colspan=\"2\">Du 01\/05 au 30\/09<\/td>\n<td class=\"thead-main\" colspan=\"2\">Du 01\/10 au 30\/04<\/td>\n<\/tr>\n<tr>\n<td class=\"thead-sub\"><\/td>\n<td class=\"thead-sub\">Commune<\/td>\n<td class=\"thead-sub\">Hors commune<\/td>\n<td class=\"thead-sub\">Commune<\/td>\n<td class=\"thead-sub\">Hors commune<\/td>\n<\/tr>\n<tr>\n<td class=\"tr-section\" colspan=\"5\">Salle de Quartier \u00e0 VIABON<\/td>\n<\/tr>\n<tr>\n<td><strong>1 jour<\/strong><\/td>\n<td style=\"text-align:center;\">130 \u20ac<\/td>\n<td style=\"text-align:center;\">400 \u20ac<\/td>\n<td style=\"text-align:center;\">160 \u20ac<\/td>\n<td style=\"text-align:center;\">450 \u20ac<\/td>\n<\/tr>\n<tr class=\"tr-even\">\n<td><strong>2 jours<\/strong><\/td>\n<td style=\"text-align:center;\">200 \u20ac<\/td>\n<td style=\"text-align:center;\">600 \u20ac<\/td>\n<td style=\"text-align:center;\">230 \u20ac<\/td>\n<td style=\"text-align:center;\">650 \u20ac<\/td>\n<\/tr>\n<tr>\n<td><strong>R\u00e9union \/ vin d&rsquo;honneur (&lt; 4 heures)<\/strong><\/td>\n<td style=\"text-align:center;\">50 \u20ac<\/td>\n<td style=\"text-align:center;\">75 \u20ac<\/td>\n<td style=\"text-align:center;\">70 \u20ac<\/td>\n<td style=\"text-align:center;\">105 \u20ac<\/td>\n<\/tr>\n<tr>\n<td class=\"tr-section\" colspan=\"5\">Salle polyvalente \u00e0 BAIGNOLET \u2013 Salle polyvalente \u00e0 FAINS-LA-FOLIE \u2013 Salle des f\u00eates \u00e0 GERMIGNONVILLE \u2013 Salle polyvalente \u00e0 VILLEAU<\/td>\n<\/tr>\n<tr>\n<td><strong>1 jour<\/strong><\/td>\n<td style=\"text-align:center;\">130 \u20ac<\/td>\n<td style=\"text-align:center;\">260 \u20ac<\/td>\n<td style=\"text-align:center;\">160 \u20ac<\/td>\n<td style=\"text-align:center;\">310 \u20ac<\/td>\n<\/tr>\n<tr class=\"tr-even\">\n<td><strong>2 jours<\/strong><\/td>\n<td style=\"text-align:center;\">200 \u20ac<\/td>\n<td style=\"text-align:center;\">400 \u20ac<\/td>\n<td style=\"text-align:center;\">230 \u20ac<\/td>\n<td style=\"text-align:center;\">450 \u20ac<\/td>\n<\/tr>\n<tr>\n<td><strong>R\u00e9union \/ vin d&rsquo;honneur (&lt; 4 heures)<\/strong><\/td>\n<td style=\"text-align:center;\">50 \u20ac<\/td>\n<td style=\"text-align:center;\">75 \u20ac<\/td>\n<td style=\"text-align:center;\">70 \u20ac<\/td>\n<td style=\"text-align:center;\">105 \u20ac<\/td>\n<\/tr>\n<tr>\n<td class=\"tr-section\" colspan=\"5\">Petite salle \u00e0 BAIGNOLET \u2013 Salle de r\u00e9union \u00e0 FAINS-LA-FOLIE \u2013 Salle de r\u00e9union \u00e0 VIABON<\/td>\n<\/tr>\n<tr>\n<td><strong>1 jour<\/strong><\/td>\n<td style=\"text-align:center;\">50 \u20ac<\/td>\n<td style=\"text-align:center;\">\/<\/td>\n<td style=\"text-align:center;\">70 \u20ac<\/td>\n<td style=\"text-align:center;\">\/<\/td>\n<\/tr>\n<tr class=\"tr-even\">\n<td><strong>2 jours<\/strong><\/td>\n<td style=\"text-align:center;\">75 \u20ac<\/td>\n<td style=\"text-align:center;\">\/<\/td>\n<td style=\"text-align:center;\">115 \u20ac<\/td>\n<td style=\"text-align:center;\">\/<\/td>\n<\/tr>\n<\/tbody>\n<\/table><\/div>\n<div class=\"caution-box\">\n    Un ch\u00e8que de caution vous sera \u00e9galement demand\u00e9 :<\/p>\n<ul>\n<li><strong>2 000 \u20ac<\/strong> pour les grandes salles<\/li>\n<li><strong>500 \u20ac<\/strong> pour les petites salles<\/li>\n<\/ul>\n<p>    Celui-ci sera redonn\u00e9 suite \u00e0 la restitution des cl\u00e9s.<\/p>\n<p>    Si vous \u00eates int\u00e9ress\u00e9s par la location d&rsquo;une de nos salles, vous pouvez consulter le calendrier d&rsquo;occupation de chacune par les liens suivants. Il vous sera alors possible de r\u00e9aliser une pr\u00e9-r\u00e9servation.\n  <\/p><\/div>\n<hr class=\"divider\"\/>\n<div class=\"section-label\"><span>Les Calendriers d&rsquo;Occupation<\/span><\/div>\n<div class=\"btn-grid\">\n<div class=\"btn-salle\"><a href=\"https:\/\/www.eoleenbeauce.fr\/?page_id=859\">Salle polyvalente de Baignolet<\/a><\/div>\n<div class=\"btn-salle\"><a href=\"https:\/\/www.eoleenbeauce.fr\/?page_id=865\">Petite salle de Baignolet<\/a><\/div>\n<div class=\"btn-salle\"><a href=\"https:\/\/www.eoleenbeauce.fr\/?page_id=812\">Salle polyvalente de Fains-la-Folie<\/a><\/div>\n<div class=\"btn-salle\"><a href=\"https:\/\/www.eoleenbeauce.fr\/?page_id=869\">Salle de r\u00e9union de Fains-la-Folie<\/a><\/div>\n<div class=\"btn-salle\"><a href=\"https:\/\/www.eoleenbeauce.fr\/?page_id=861\">Salle polyvalente de Germignonville<\/a><\/div>\n<div class=\"btn-salle\"><a href=\"https:\/\/www.eoleenbeauce.fr\/?page_id=863\">Salle de Quartier de Viabon<\/a><\/div>\n<div class=\"btn-salle\"><a href=\"https:\/\/www.eoleenbeauce.fr\/?page_id=867\">Petite salle de Viabon<\/a><\/div>\n<div class=\"btn-salle\"><a href=\"https:\/\/www.eoleenbeauce.fr\/notre-commune\/les-salles-communales\/les-calendriers-doccupation-des-salles\/calendrier-salle-polyvalente-de-villeau\/\" target=\"_blank\" rel=\"noopener\">Salle polyvalente de Villeau<\/a><\/div>\n<\/div>\n<\/div>\n","protected":false},"excerpt":{"rendered":"<p>La Location de Salle Notre commune d&rsquo;\u00c9ole-en-Beauce poss\u00e8de 5 salles polyvalentes, 2 petites salles et une salle de r\u00e9union. Toutes [&hellip;]<\/p>\n","protected":false},"author":1,"featured_media":0,"parent":2495,"menu_order":4,"comment_status":"closed","ping_status":"closed","template":"","meta":{"site-sidebar-layout":"default","site-content-layout":"","ast-site-content-layout":"default","site-content-style":"default","site-sidebar-style":"default","ast-global-header-display":"","ast-banner-title-visibility":"","ast-main-header-display":"","ast-hfb-above-header-display":"","ast-hfb-below-header-display":"","ast-hfb-mobile-header-display":"","site-post-title":"disabled","ast-breadcrumbs-content":"","ast-featured-img":"","footer-sml-layout":"","ast-disable-related-posts":"","theme-transparent-header-meta":"default","adv-header-id-meta":"","stick-header-meta":"","header-above-stick-meta":"","header-main-stick-meta":"","header-below-stick-meta":"","astra-migrate-meta-layouts":"set","ast-page-background-enabled":"default","ast-page-background-meta":{"desktop":{"background-color":"var(--ast-global-color-5)","background-image":"","background-repeat":"repeat","background-position":"center center","background-size":"auto","background-attachment":"scroll","background-type":"","background-media":"","overlay-type":"","overlay-color":"","overlay-opacity":"","overlay-gradient":""},"tablet":{"background-color":"","background-image":"","background-repeat":"repeat","background-position":"center center","background-size":"auto","background-attachment":"scroll","background-type":"","background-media":"","overlay-type":"","overlay-color":"","overlay-opacity":"","overlay-gradient":""},"mobile":{"background-color":"","background-image":"","background-repeat":"repeat","background-position":"center center","background-size":"auto","background-attachment":"scroll","background-type":"","background-media":"","overlay-type":"","overlay-color":"","overlay-opacity":"","overlay-gradient":""}},"ast-content-background-meta":{"desktop":{"background-color":"var(--ast-global-color-4)","background-image":"","background-repeat":"repeat","background-position":"center center","background-size":"auto","background-attachment":"scroll","background-type":"","background-media":"","overlay-type":"","overlay-color":"","overlay-opacity":"","overlay-gradient":""},"tablet":{"background-color":"var(--ast-global-color-4)","background-image":"","background-repeat":"repeat","background-position":"center center","background-size":"auto","background-attachment":"scroll","background-type":"","background-media":"","overlay-type":"","overlay-color":"","overlay-opacity":"","overlay-gradient":""},"mobile":{"background-color":"var(--ast-global-color-4)","background-image":"","background-repeat":"repeat","background-position":"center center","background-size":"auto","background-attachment":"scroll","background-type":"","background-media":"","overlay-type":"","overlay-color":"","overlay-opacity":"","overlay-gradient":""}},"footnotes":""},"class_list":["post-854","page","type-page","status-publish","hentry"],"_links":{"self":[{"href":"https:\/\/www.eoleenbeauce.fr\/?rest_route=\/wp\/v2\/pages\/854","targetHints":{"allow":["GET"]}}],"collection":[{"href":"https:\/\/www.eoleenbeauce.fr\/?rest_route=\/wp\/v2\/pages"}],"about":[{"href":"https:\/\/www.eoleenbeauce.fr\/?rest_route=\/wp\/v2\/types\/page"}],"author":[{"embeddable":true,"href":"https:\/\/www.eoleenbeauce.fr\/?rest_route=\/wp\/v2\/users\/1"}],"replies":[{"embeddable":true,"href":"https:\/\/www.eoleenbeauce.fr\/?rest_route=%2Fwp%2Fv2%2Fcomments&post=854"}],"version-history":[{"count":25,"href":"https:\/\/www.eoleenbeauce.fr\/?rest_route=\/wp\/v2\/pages\/854\/revisions"}],"predecessor-version":[{"id":3910,"href":"https:\/\/www.eoleenbeauce.fr\/?rest_route=\/wp\/v2\/pages\/854\/revisions\/3910"}],"up":[{"embeddable":true,"href":"https:\/\/www.eoleenbeauce.fr\/?rest_route=\/wp\/v2\/pages\/2495"}],"wp:attachment":[{"href":"https:\/\/www.eoleenbeauce.fr\/?rest_route=%2Fwp%2Fv2%2Fmedia&parent=854"}],"curies":[{"name":"wp","href":"https:\/\/api.w.org\/{rel}","templated":true}]}}