{"id":726,"date":"2017-08-20T12:55:13","date_gmt":"2017-08-20T10:55:13","guid":{"rendered":"http:\/\/eoleenbeuv.cluster023.hosting.ovh.net\/?page_id=726"},"modified":"2026-03-06T13:54:27","modified_gmt":"2026-03-06T12:54:27","slug":"nous-contacter","status":"publish","type":"page","link":"https:\/\/www.eoleenbeauce.fr\/nous-contacter\/","title":{"rendered":"CONTACT"},"content":{"rendered":"<div class=\"page\">\n<div class=\"hero-title-wrap\">\n<h1 class=\"hero-title\">Nous Contacter<\/h1>\n<div class=\"hero-bar\"><\/div>\n<\/div>\n<p class=\"intro-text\">La mairie d&rsquo;\u00c9ole-en-Beauce est \u00e0 votre disposition pour r\u00e9pondre \u00e0 toutes vos questions et vous accompagner dans vos d\u00e9marches.<\/p>\n<div class=\"form-wrap\">\n<div class=\"wpcf7 no-js\" id=\"wpcf7-f1814-o1\" lang=\"fr-FR\" dir=\"ltr\" data-wpcf7-id=\"1814\">\n<div class=\"screen-reader-response\"><p role=\"status\" aria-live=\"polite\" aria-atomic=\"true\"><\/p> <ul><\/ul><\/div>\n<form action=\"\/?rest_route=%2Fwp%2Fv2%2Fpages%2F726#wpcf7-f1814-o1\" method=\"post\" class=\"wpcf7-form init\" aria-label=\"Formulaire de contact\" novalidate=\"novalidate\" data-status=\"init\">\n<fieldset class=\"hidden-fields-container\"><input type=\"hidden\" name=\"_wpcf7\" value=\"1814\" \/><input type=\"hidden\" name=\"_wpcf7_version\" value=\"6.1.5\" \/><input type=\"hidden\" name=\"_wpcf7_locale\" value=\"fr_FR\" \/><input type=\"hidden\" name=\"_wpcf7_unit_tag\" value=\"wpcf7-f1814-o1\" \/><input type=\"hidden\" name=\"_wpcf7_container_post\" value=\"0\" \/><input type=\"hidden\" name=\"_wpcf7_posted_data_hash\" value=\"\" \/>\n<\/fieldset>\n<p><label> Votre nom (obligatoire)<br \/>\n<span class=\"wpcf7-form-control-wrap\" data-name=\"your-name\"><input size=\"40\" maxlength=\"400\" class=\"wpcf7-form-control wpcf7-text wpcf7-validates-as-required\" aria-required=\"true\" aria-invalid=\"false\" value=\"\" type=\"text\" name=\"your-name\" \/><\/span> <\/label>\n<\/p>\n<p><label> Votre adresse de messagerie (obligatoire)<br \/>\n<span class=\"wpcf7-form-control-wrap\" data-name=\"your-email\"><input size=\"40\" maxlength=\"400\" class=\"wpcf7-form-control wpcf7-email wpcf7-validates-as-required wpcf7-text wpcf7-validates-as-email\" aria-required=\"true\" aria-invalid=\"false\" value=\"\" type=\"email\" name=\"your-email\" \/><\/span> <\/label>\n<\/p>\n<p><label> Objet<br \/>\n<span class=\"wpcf7-form-control-wrap\" data-name=\"your-subject\"><input size=\"40\" maxlength=\"400\" class=\"wpcf7-form-control wpcf7-text\" aria-invalid=\"false\" value=\"\" type=\"text\" name=\"your-subject\" \/><\/span> <\/label>\n<\/p>\n<p><label> Votre message<br \/>\n<span class=\"wpcf7-form-control-wrap\" data-name=\"your-message\"><textarea cols=\"40\" rows=\"10\" maxlength=\"2000\" class=\"wpcf7-form-control wpcf7-textarea\" aria-invalid=\"false\" name=\"your-message\"><\/textarea><\/span> <\/label>\n<\/p>\n<p><input class=\"wpcf7-form-control wpcf7-submit has-spinner\" type=\"submit\" value=\"Envoyer\" \/>\n<\/p><div class=\"wpcf7-response-output\" aria-hidden=\"true\"><\/div>\n<\/form>\n<\/div>\n<\/div>\n<div class=\"contact-grid\">\n<div class=\"contact-card\">\n<h3>Coordonn\u00e9es<\/h3>\n<p><strong>Mairie d&rsquo;\u00c9ole-en-Beauce<\/strong><br \/>\n2 rue de la Mairie<br \/>\nViabon<br \/>\n28150 \u00c9ole-en-Beauce<\/p>\n<p>T\u00e9l. : 02.37.99.13.16<\/p>\n<p>\ud83d\udce7 <a href=\"mailto:mairieeoleenbeauce@orange.fr\">mairieeoleenbeauce@orange.fr<\/a><\/p>\n<\/div>\n<div class=\"contact-card\">\n<h3>Horaires d&rsquo;ouverture<\/h3>\n<ul class=\"horaires-list\">\n<li><span class=\"jour\">Lundi<\/span>14h \u2013 17h30 \u2014 Baignolet<\/li>\n<li><span class=\"jour\">Mardi<\/span>9h \u2013 12h30 \u2014 Germignonville<\/li>\n<li><span class=\"jour\">Mercredi<\/span>9h \u2013 12h30 \u2014 Viabon<\/li>\n<li><span class=\"jour\">Jeudi<\/span>14h \u2013 17h30 \u2014 Fains-la-Folie<\/li>\n<li><span class=\"jour\">Vendredi<\/span>14h \u2013 17h30 \u2014 Villeau<\/li>\n<li><span class=\"jour\">Samedi<\/span>Sur rendez-vous \u2014 Viabon<\/li>\n<\/ul>\n<\/div>\n<\/div>\n<hr class=\"divider\" \/>\n<h2 class=\"section-label\"><strong><span style=\"color: #99cc00;\">Les Mairies<\/span><\/strong><\/h2>\n<div class=\"mairies-grid\">\n<div class=\"contact-card\">\n<h4>Mairie de Viabon<\/h4>\n<p>\ud83d\udccd 2 rue de la Mairie<br \/>\nViabon<br \/>\n28150 \u00c9ole-en-Beauce<\/p>\n<p>T\u00e9l. : 02.37.99.13.16<\/p>\n<\/div>\n<div class=\"contact-card\">\n<h4>Mairie annexe de Baignolet<\/h4>\n<p>\ud83d\udccd 11 rue Montbarry<br \/>\nBaignolet<br \/>\n28150 \u00c9ole-en-Beauce<\/p>\n<p>T\u00e9l. : 02.37.99.76.93<\/p>\n<\/div>\n<div class=\"contact-card\">\n<h4>Mairie annexe de Fains-la-Folie<\/h4>\n<p>\ud83d\udccd 6 rue du Moulin<br \/>\nFains-la-Folie<br \/>\n28150 \u00c9ole-en-Beauce<\/p>\n<p>T\u00e9l. : 02.37.99.02.13<\/p>\n<\/div>\n<div class=\"contact-card\">\n<h4>Mairie annexe de Germignonville<\/h4>\n<p>\ud83d\udccd 9 rue Ludovic Godin<br \/>\nGermignonville<br \/>\n28150 \u00c9ole-en-Beauce<\/p>\n<p>T\u00e9l. : 02.37.99.42.75<\/p>\n<\/div>\n<div class=\"contact-card\">\n<h4>Mairie annexe de Villeau<\/h4>\n<p>\ud83d\udccd 3 bis rue de la Grande Barre<br \/>\nVilleau<br \/>\n28150 \u00c9ole-en-Beauce<\/p>\n<p>T\u00e9l. : 02.37.99.06.62<\/p>\n<\/div>\n<\/div>\n<h2 class=\"section-label\"><strong><span style=\"color: #99cc00;\">Nous Trouver<\/span><\/strong><\/h2>\n<div class=\"map-wrap\"><iframe src=\"https:\/\/www.google.com\/maps\/embed?pb=!1m18!1m12!1m3!1d1329.2207123450348!2d1.70244243619929!3d48.21737404560313!2m3!1f0!2f0!3f0!3m2!1i1024!2i768!4f13.1!3m3!1m2!1s0x47e45d57f219a7b5%3A0x1554c1cb93466054!2s2%20Rue%20de%20la%20Mairie%2C%2028150%20%C3%89ole-en-Beauce!5e0!3m2!1sfr!2sfr!4v1771594564097!5m2!1sfr!2sfr\" allowfullscreen=\"allowfullscreen\"><\/iframe><\/div>\n<\/div>\n","protected":false},"excerpt":{"rendered":"<p>Nous Contacter La mairie d&rsquo;\u00c9ole-en-Beauce est \u00e0 votre disposition pour r\u00e9pondre \u00e0 toutes vos questions et vous accompagner dans vos [&hellip;]<\/p>\n","protected":false},"author":1,"featured_media":0,"parent":0,"menu_order":9,"comment_status":"closed","ping_status":"closed","template":"","meta":{"site-sidebar-layout":"default","site-content-layout":"","ast-site-content-layout":"default","site-content-style":"default","site-sidebar-style":"default","ast-global-header-display":"","ast-banner-title-visibility":"","ast-main-header-display":"","ast-hfb-above-header-display":"","ast-hfb-below-header-display":"","ast-hfb-mobile-header-display":"","site-post-title":"disabled","ast-breadcrumbs-content":"","ast-featured-img":"","footer-sml-layout":"","ast-disable-related-posts":"","theme-transparent-header-meta":"default","adv-header-id-meta":"","stick-header-meta":"","header-above-stick-meta":"","header-main-stick-meta":"","header-below-stick-meta":"","astra-migrate-meta-layouts":"set","ast-page-background-enabled":"default","ast-page-background-meta":{"desktop":{"background-color":"var(--ast-global-color-5)","background-image":"","background-repeat":"repeat","background-position":"center center","background-size":"auto","background-attachment":"scroll","background-type":"","background-media":"","overlay-type":"","overlay-color":"","overlay-opacity":"","overlay-gradient":""},"tablet":{"background-color":"","background-image":"","background-repeat":"repeat","background-position":"center center","background-size":"auto","background-attachment":"scroll","background-type":"","background-media":"","overlay-type":"","overlay-color":"","overlay-opacity":"","overlay-gradient":""},"mobile":{"background-color":"","background-image":"","background-repeat":"repeat","background-position":"center center","background-size":"auto","background-attachment":"scroll","background-type":"","background-media":"","overlay-type":"","overlay-color":"","overlay-opacity":"","overlay-gradient":""}},"ast-content-background-meta":{"desktop":{"background-color":"var(--ast-global-color-4)","background-image":"","background-repeat":"repeat","background-position":"center center","background-size":"auto","background-attachment":"scroll","background-type":"","background-media":"","overlay-type":"","overlay-color":"","overlay-opacity":"","overlay-gradient":""},"tablet":{"background-color":"var(--ast-global-color-4)","background-image":"","background-repeat":"repeat","background-position":"center center","background-size":"auto","background-attachment":"scroll","background-type":"","background-media":"","overlay-type":"","overlay-color":"","overlay-opacity":"","overlay-gradient":""},"mobile":{"background-color":"var(--ast-global-color-4)","background-image":"","background-repeat":"repeat","background-position":"center center","background-size":"auto","background-attachment":"scroll","background-type":"","background-media":"","overlay-type":"","overlay-color":"","overlay-opacity":"","overlay-gradient":""}},"footnotes":""},"class_list":["post-726","page","type-page","status-publish","hentry"],"_links":{"self":[{"href":"https:\/\/www.eoleenbeauce.fr\/?rest_route=\/wp\/v2\/pages\/726","targetHints":{"allow":["GET"]}}],"collection":[{"href":"https:\/\/www.eoleenbeauce.fr\/?rest_route=\/wp\/v2\/pages"}],"about":[{"href":"https:\/\/www.eoleenbeauce.fr\/?rest_route=\/wp\/v2\/types\/page"}],"author":[{"embeddable":true,"href":"https:\/\/www.eoleenbeauce.fr\/?rest_route=\/wp\/v2\/users\/1"}],"replies":[{"embeddable":true,"href":"https:\/\/www.eoleenbeauce.fr\/?rest_route=%2Fwp%2Fv2%2Fcomments&post=726"}],"version-history":[{"count":38,"href":"https:\/\/www.eoleenbeauce.fr\/?rest_route=\/wp\/v2\/pages\/726\/revisions"}],"predecessor-version":[{"id":3653,"href":"https:\/\/www.eoleenbeauce.fr\/?rest_route=\/wp\/v2\/pages\/726\/revisions\/3653"}],"wp:attachment":[{"href":"https:\/\/www.eoleenbeauce.fr\/?rest_route=%2Fwp%2Fv2%2Fmedia&parent=726"}],"curies":[{"name":"wp","href":"https:\/\/api.w.org\/{rel}","templated":true}]}}