{"id":65,"date":"2017-08-18T07:12:29","date_gmt":"2017-08-18T05:12:29","guid":{"rendered":"http:\/\/eoleenbeuv.cluster023.hosting.ovh.net\/?page_id=65"},"modified":"2026-03-05T22:14:48","modified_gmt":"2026-03-05T21:14:48","slug":"demarches-administratives","status":"publish","type":"page","link":"https:\/\/www.eoleenbeauce.fr\/vie-municipale\/demarches-administratives\/","title":{"rendered":"D\u00e9marches administratives"},"content":{"rendered":"<div class=\"page\">\n<div class=\"hero-title-wrap\">\n<h1 class=\"hero-title\">Les D\u00e9marches Administratives<\/h1>\n<div class=\"hero-bar\"><\/div>\n<\/p><\/div>\n<p class=\"intro-text\">Voici quelques d\u00e9marches administratives suivant votre profil.<\/p>\n<div class=\"profil-btns\">\n    <button class=\"profil-btn particuliers\"   onclick=\"afficher('particuliers')\">PARTICULIERS<\/button><br \/>\n    <button class=\"profil-btn professionnels\" onclick=\"afficher('professionnels')\">PROFESSIONNELS<\/button><br \/>\n    <button class=\"profil-btn associations\"   onclick=\"afficher('associations')\">ASSOCIATIONS<\/button>\n  <\/div>\n<div id=\"particuliers\" class=\"section-content\">\n<div class=\"section-label\"><span>Particuliers<\/span><\/div>\n<div class=\"links-grid\">\n      <a class=\"link-btn blue\" href=\"https:\/\/www.service-public.fr\/particuliers\/vosdroits\/N19810\" target=\"_blank\">\u00c9TAT CIVIL \u2013 IDENTIT\u00c9 \u2013 CITOYENNET\u00c9 \u2013 \u00c9LECTIONS<\/a><br \/>\n      <a class=\"link-btn blue\" href=\"https:\/\/www.service-public.fr\/particuliers\/vosdroits\/N19805\" target=\"_blank\">FAMILLE \u2013 SOLIDARIT\u00c9 \u2013 PROTECTION DES PERSONNES \u2013 D\u00c9C\u00c8S \u2013 SUCCESSION<\/a><br \/>\n      <a class=\"link-btn blue\" href=\"https:\/\/www.service-public.fr\/particuliers\/vosdroits\/N19811\" target=\"_blank\">SOCIAL \u2013 CH\u00d4MAGE \u2013 SANT\u00c9 \u2013 INVALIDIT\u00c9 \u2013 HANDICAP<\/a><br \/>\n      <a class=\"link-btn blue\" href=\"https:\/\/www.service-public.fr\/particuliers\/vosdroits\/N19806\" target=\"_blank\">TRAVAIL \u2013 FORMATION<\/a><br \/>\n      <a class=\"link-btn blue\" href=\"https:\/\/www.service-public.fr\/particuliers\/vosdroits\/N19808\" target=\"_blank\">LOGEMENT<\/a><br \/>\n      <a class=\"link-btn blue\" href=\"https:\/\/www.service-public.fr\/particuliers\/vosdroits\/N19812\" target=\"_blank\">TRANSPORTS \u2013 MOBILIT\u00c9<\/a><br \/>\n      <a class=\"link-btn blue\" href=\"https:\/\/www.service-public.fr\/particuliers\/vosdroits\/N19803\" target=\"_blank\">ARGENT \u2013 IMP\u00d4TS \u2013 CONSOMMATION<\/a><br \/>\n      <a class=\"link-btn blue\" href=\"https:\/\/www.service-public.fr\/particuliers\/vosdroits\/N19807\" target=\"_blank\">JUSTICE<\/a><br \/>\n      <a class=\"link-btn blue\" href=\"https:\/\/www.service-public.fr\/particuliers\/vosdroits\/N19804\" target=\"_blank\">\u00c9TRANGER \u2013 EUROPE \u2013 VOYAGER \u00c0 L&rsquo;\u00c9TRANGER<\/a><br \/>\n      <a class=\"link-btn blue\" href=\"https:\/\/www.service-public.fr\/particuliers\/vosdroits\/N19809\" target=\"_blank\">LOISIRS \u2013 SPORTS \u2013 CULTURE<\/a><br \/>\n      <a class=\"link-btn blue\" href=\"https:\/\/www.service-public.gouv.fr\/particuliers\/vosdroits\/N31931\" target=\"_blank\">ASSOCIATIONS \u2013 FONDATIONS ET FONDS DE DOTATION<\/a>\n    <\/div>\n<\/p><\/div>\n<div id=\"professionnels\" class=\"section-content\">\n<div class=\"section-label\"><span>Professionnels<\/span><\/div>\n<div class=\"links-grid\">\n      <a class=\"link-btn red\" href=\"https:\/\/entreprendre.service-public.gouv.fr\/\" target=\"_blank\">\u00c9TAPES DE VIE<\/a><br \/>\n      <a class=\"link-btn red\" href=\"https:\/\/entreprendre.service-public.gouv.fr\/vosdroits\/N31926\" target=\"_blank\">BAUX<\/a><br \/>\n      <a class=\"link-btn red\" href=\"https:\/\/entreprendre.service-public.gouv.fr\/vosdroits\/N24266\" target=\"_blank\">COMPTABILIT\u00c9 \u2013 FACTURATION<\/a><br \/>\n      <a class=\"link-btn red\" href=\"https:\/\/entreprendre.service-public.gouv.fr\/vosdroits\/N31925\" target=\"_blank\">DIFFICULT\u00c9S FINANCI\u00c8RES<\/a><br \/>\n      <a class=\"link-btn red\" href=\"https:\/\/entreprendre.service-public.gouv.fr\/vosdroits\/N32300\" target=\"_blank\">ENVIRONNEMENT<\/a><br \/>\n      <a class=\"link-btn red\" href=\"https:\/\/entreprendre.service-public.gouv.fr\/vosdroits\/N31928\" target=\"_blank\">FINANCEMENT<\/a><br \/>\n      <a class=\"link-btn red\" href=\"https:\/\/entreprendre.service-public.gouv.fr\/vosdroits\/N24265\" target=\"_blank\">FISCALIT\u00c9<\/a><br \/>\n      <a class=\"link-btn red\" href=\"https:\/\/entreprendre.service-public.gouv.fr\/vosdroits\/N32112\" target=\"_blank\">FONCTIONNEMENT DE L&rsquo;ENTREPRISE<\/a><br \/>\n      <a class=\"link-btn red\" href=\"https:\/\/entreprendre.service-public.gouv.fr\/vosdroits\/N24268\" target=\"_blank\">PRATIQUES COMMERCIALES<\/a><br \/>\n      <a class=\"link-btn red\" href=\"https:\/\/entreprendre.service-public.gouv.fr\/vosdroits\/N24267\" target=\"_blank\">RESSOURCES HUMAINES<\/a><br \/>\n      <a class=\"link-btn red\" href=\"https:\/\/entreprendre.service-public.gouv.fr\/vosdroits\/N24269\" target=\"_blank\">SECTEURS D&rsquo;ACTIVIT\u00c9<\/a>\n    <\/div>\n<\/p><\/div>\n<div id=\"associations\" class=\"section-content\">\n<div class=\"section-label\"><span>Associations<\/span><\/div>\n<div class=\"links-grid\">\n      <a class=\"link-btn green\" href=\"https:\/\/www.service-public.gouv.fr\/particuliers\/vosdroits\/N31931\" target=\"_blank\">FORMALIT\u00c9S ADMINISTRATIVES D&rsquo;UNE ASSOCIATION<\/a><br \/>\n      <a class=\"link-btn green\" href=\"https:\/\/www.service-public.gouv.fr\/particuliers\/vosdroits\/N31931\" target=\"_blank\">FONCTIONNEMENT D&rsquo;UNE ASSOCIATION<\/a><br \/>\n      <a class=\"link-btn green\" href=\"https:\/\/www.service-public.gouv.fr\/particuliers\/vosdroits\/N31931\" target=\"_blank\">FINANCEMENT ET FISCALIT\u00c9 D&rsquo;UNE ASSOCIATION<\/a><br \/>\n      <a class=\"link-btn green\" href=\"https:\/\/www.service-public.gouv.fr\/particuliers\/vosdroits\/N31931\" target=\"_blank\">ASSOCIATIONS SP\u00c9CIFIQUES ET FONDATIONS<\/a>\n    <\/div>\n<\/p><\/div>\n<\/div>\n<p><script>\nfunction afficher(section) {\n  document.querySelectorAll('.section-content').forEach(function(el) { el.classList.remove('active'); });\n  document.getElementById(section).classList.add('active');\n}\n<\/script><\/p>\n","protected":false},"excerpt":{"rendered":"<p>Les D\u00e9marches Administratives Voici quelques d\u00e9marches administratives suivant votre profil. PARTICULIERS PROFESSIONNELS ASSOCIATIONS Particuliers \u00c9TAT CIVIL \u2013 IDENTIT\u00c9 \u2013 CITOYENNET\u00c9 [&hellip;]<\/p>\n","protected":false},"author":1,"featured_media":0,"parent":60,"menu_order":3,"comment_status":"closed","ping_status":"closed","template":"","meta":{"site-sidebar-layout":"default","site-content-layout":"","ast-site-content-layout":"default","site-content-style":"default","site-sidebar-style":"default","ast-global-header-display":"","ast-banner-title-visibility":"","ast-main-header-display":"","ast-hfb-above-header-display":"","ast-hfb-below-header-display":"","ast-hfb-mobile-header-display":"","site-post-title":"disabled","ast-breadcrumbs-content":"","ast-featured-img":"","footer-sml-layout":"","ast-disable-related-posts":"","theme-transparent-header-meta":"default","adv-header-id-meta":"","stick-header-meta":"","header-above-stick-meta":"","header-main-stick-meta":"","header-below-stick-meta":"","astra-migrate-meta-layouts":"set","ast-page-background-enabled":"default","ast-page-background-meta":{"desktop":{"background-color":"var(--ast-global-color-5)","background-image":"","background-repeat":"repeat","background-position":"center center","background-size":"auto","background-attachment":"scroll","background-type":"","background-media":"","overlay-type":"","overlay-color":"","overlay-opacity":"","overlay-gradient":""},"tablet":{"background-color":"","background-image":"","background-repeat":"repeat","background-position":"center center","background-size":"auto","background-attachment":"scroll","background-type":"","background-media":"","overlay-type":"","overlay-color":"","overlay-opacity":"","overlay-gradient":""},"mobile":{"background-color":"","background-image":"","background-repeat":"repeat","background-position":"center center","background-size":"auto","background-attachment":"scroll","background-type":"","background-media":"","overlay-type":"","overlay-color":"","overlay-opacity":"","overlay-gradient":""}},"ast-content-background-meta":{"desktop":{"background-color":"var(--ast-global-color-4)","background-image":"","background-repeat":"repeat","background-position":"center center","background-size":"auto","background-attachment":"scroll","background-type":"","background-media":"","overlay-type":"","overlay-color":"","overlay-opacity":"","overlay-gradient":""},"tablet":{"background-color":"var(--ast-global-color-4)","background-image":"","background-repeat":"repeat","background-position":"center center","background-size":"auto","background-attachment":"scroll","background-type":"","background-media":"","overlay-type":"","overlay-color":"","overlay-opacity":"","overlay-gradient":""},"mobile":{"background-color":"var(--ast-global-color-4)","background-image":"","background-repeat":"repeat","background-position":"center center","background-size":"auto","background-attachment":"scroll","background-type":"","background-media":"","overlay-type":"","overlay-color":"","overlay-opacity":"","overlay-gradient":""}},"footnotes":""},"class_list":["post-65","page","type-page","status-publish","hentry"],"_links":{"self":[{"href":"https:\/\/www.eoleenbeauce.fr\/?rest_route=\/wp\/v2\/pages\/65","targetHints":{"allow":["GET"]}}],"collection":[{"href":"https:\/\/www.eoleenbeauce.fr\/?rest_route=\/wp\/v2\/pages"}],"about":[{"href":"https:\/\/www.eoleenbeauce.fr\/?rest_route=\/wp\/v2\/types\/page"}],"author":[{"embeddable":true,"href":"https:\/\/www.eoleenbeauce.fr\/?rest_route=\/wp\/v2\/users\/1"}],"replies":[{"embeddable":true,"href":"https:\/\/www.eoleenbeauce.fr\/?rest_route=%2Fwp%2Fv2%2Fcomments&post=65"}],"version-history":[{"count":74,"href":"https:\/\/www.eoleenbeauce.fr\/?rest_route=\/wp\/v2\/pages\/65\/revisions"}],"predecessor-version":[{"id":3550,"href":"https:\/\/www.eoleenbeauce.fr\/?rest_route=\/wp\/v2\/pages\/65\/revisions\/3550"}],"up":[{"embeddable":true,"href":"https:\/\/www.eoleenbeauce.fr\/?rest_route=\/wp\/v2\/pages\/60"}],"wp:attachment":[{"href":"https:\/\/www.eoleenbeauce.fr\/?rest_route=%2Fwp%2Fv2%2Fmedia&parent=65"}],"curies":[{"name":"wp","href":"https:\/\/api.w.org\/{rel}","templated":true}]}}