{"id":2587,"date":"2026-02-19T23:16:50","date_gmt":"2026-02-19T22:16:50","guid":{"rendered":"https:\/\/www.eoleenbeauce.fr\/?page_id=2587"},"modified":"2026-02-19T23:22:33","modified_gmt":"2026-02-19T22:22:33","slug":"declaration-daccessibilite","status":"publish","type":"page","link":"https:\/\/www.eoleenbeauce.fr\/declaration-daccessibilite\/","title":{"rendered":"D\u00e9claration d&rsquo;accessibilit\u00e9"},"content":{"rendered":"<div id=\"statement_header\">\n<h2><\/h2>\n<h2><\/h2>\n<h2><span style=\"color: #339966;\"><strong>D\u00e9claration d\u2019accessibilit\u00e9<\/strong><\/span><\/h2>\n<p>\u00c9tablie le\u00a0<span data-print=\"accstmt_date\" data-printdefault=\"DATE\">19 f\u00e9vrier 2026<\/span>.<\/p>\n<p><span data-print=\"accstmt_org\" data-printdefault=\"Notre organisation\">Notre organisation<\/span>\u00a0s\u2019engage \u00e0 rendre son service accessible, conform\u00e9ment \u00e0 l\u2019article 47 de la loi n\u00b0 2005-102 du 11 f\u00e9vrier 2005.<\/p>\n<p>Cette d\u00e9claration d\u2019accessibilit\u00e9 s\u2019applique \u00e0\u00a0<strong data-print=\"accstmt_namesite\" data-printdefault=\"ce service\">\u00c9ole-en-Beauce<\/strong><span data-if=\"accstmt_urlsite\">\u00a0(https:\/\/www.eoleenbeauce.fr)<\/span>.<\/p>\n<\/div>\n<div id=\"statement-conformance\" data-if=\"accstmnt_conformance\">\n<h3><span style=\"color: #99cc00;\"><strong>\u00c9tat de conformit\u00e9<\/strong><\/span><\/h3>\n<p><strong data-print=\"accstmt_namesite\" data-printdefault=\"Notre site\">\u00c9ole-en-Beauce<\/strong>\u00a0est\u00a0<strong><span data-print=\"accstmnt_conformance\" data-printfilter=\"lowercase\">non conforme<\/span><\/strong>\u00a0avec le\u00a0<abbr title=\"R\u00e9f\u00e9rentiel g\u00e9n\u00e9ral d\u2019am\u00e9lioration de l\u2019accessibilit\u00e9\">RGAA<\/abbr>.\u00a0<span data-print=\"accstmnt_conformance_meaning\">Le site n\u2019a encore pas \u00e9t\u00e9 audit\u00e9.<br \/>\n<\/span><\/p>\n<\/div>\n<div data-if=\"accstmnt_contact_phone, accstmnt_contact_email, accstmnt_contact_form, accstmnt_contact_visit, accstmnt_contact_other\">\n<h3><strong><span style=\"color: #99cc00;\">Am\u00e9lioration et contact<\/span><\/strong><\/h3>\n<p>Si vous n\u2019arrivez pas \u00e0 acc\u00e9der \u00e0 un contenu ou \u00e0 un service, vous pouvez contacter le responsable de\u00a0<span data-print=\"accstmt_namesite\" data-printdefault=\"ce service\">\u00c9ole-en-Beauce<\/span>\u00a0pour \u00eatre orient\u00e9 vers une alternative accessible ou obtenir le contenu sous une autre forme.<\/p>\n<ul class=\"basic-information feedback h-card\">\n<li data-if=\"accstmnt_contact_phone\">T\u00e9l\u00e9phone\u00a0:\u00a0<span data-print=\"accstmnt_contact_phone\">0637571161<\/span><\/li>\n<li data-if=\"accstmnt_contact_email\">E-mail\u00a0:\u00a0<a href=\"mailto:julienbirre@orange.fr\" data-print=\"accstmnt_contact_email\">julienbirre@orange.fr<\/a><\/li>\n<li data-if=\"accstmnt_contact_visit\">Adresse\u00a0:\u00a0<span data-print=\"accstmnt_contact_visit\">2 rue de la mairie, 28150 \u00c9ole-en-Beauce<\/span><\/li>\n<li data-if=\"accstmnt_contact_other\" data-print=\"accstmnt_contact_other\">mairieeoleenbeauce@orange.fr<\/li>\n<\/ul>\n<\/div>\n<div>\n<h3><span style=\"color: #99cc00;\"><strong>Voie de recours<\/strong><\/span><\/h3>\n<p>Cette proc\u00e9dure est \u00e0 utiliser dans le cas suivant\u00a0: vous avez signal\u00e9 au responsable du site internet un d\u00e9faut d\u2019accessibilit\u00e9 qui vous emp\u00eache d\u2019acc\u00e9der \u00e0 un contenu ou \u00e0 un des services du portail et vous n\u2019avez pas obtenu de r\u00e9ponse satisfaisante.<\/p>\n<p>Vous pouvez\u00a0:<\/p>\n<ul>\n<li>\u00c9crire un message au\u00a0<a href=\"https:\/\/formulaire.defenseurdesdroits.fr\/\">D\u00e9fenseur des droits<\/a><\/li>\n<li>Contacter\u00a0<a href=\"https:\/\/www.defenseurdesdroits.fr\/saisir\/delegues\">le d\u00e9l\u00e9gu\u00e9 du D\u00e9fenseur des droits dans votre r\u00e9gion<\/a><\/li>\n<li>Envoyer un courrier par la poste (gratuit, ne pas mettre de timbre)\u00a0:<br \/>\nD\u00e9fenseur des droits<br \/>\nLibre r\u00e9ponse 71120 75342 Paris CEDEX 07<\/li>\n<\/ul>\n<\/div>\n<hr \/>\n<p>Cette d\u00e9claration d\u2019accessibilit\u00e9 a \u00e9t\u00e9 cr\u00e9\u00e9 le\u00a0<span data-print=\"accstmt_date\" data-printdefault=\"DATE\">19 f\u00e9vrier 2026<\/span>\u00a0gr\u00e2ce au\u00a0<a href=\"https:\/\/betagouv.github.io\/a11y-generateur-declaration\/#create\">G\u00e9n\u00e9rateur de D\u00e9claration d\u2019Accessibilit\u00e9<\/a>.<\/p>\n<p>&nbsp;<\/p>\n","protected":false},"excerpt":{"rendered":"<p>D\u00e9claration d\u2019accessibilit\u00e9 \u00c9tablie le\u00a019 f\u00e9vrier 2026. Notre organisation\u00a0s\u2019engage \u00e0 rendre son service accessible, conform\u00e9ment \u00e0 l\u2019article 47 de la loi [&hellip;]<\/p>\n","protected":false},"author":1,"featured_media":0,"parent":0,"menu_order":0,"comment_status":"closed","ping_status":"closed","template":"","meta":{"site-sidebar-layout":"default","site-content-layout":"","ast-site-content-layout":"default","site-content-style":"default","site-sidebar-style":"default","ast-global-header-display":"","ast-banner-title-visibility":"","ast-main-header-display":"disabled","ast-hfb-above-header-display":"","ast-hfb-below-header-display":"","ast-hfb-mobile-header-display":"disabled","site-post-title":"disabled","ast-breadcrumbs-content":"","ast-featured-img":"","footer-sml-layout":"","ast-disable-related-posts":"","theme-transparent-header-meta":"default","adv-header-id-meta":"","stick-header-meta":"","header-above-stick-meta":"","header-main-stick-meta":"","header-below-stick-meta":"","astra-migrate-meta-layouts":"set","ast-page-background-enabled":"default","ast-page-background-meta":{"desktop":{"background-color":"var(--ast-global-color-5)","background-image":"","background-repeat":"repeat","background-position":"center center","background-size":"auto","background-attachment":"scroll","background-type":"","background-media":"","overlay-type":"","overlay-color":"","overlay-opacity":"","overlay-gradient":""},"tablet":{"background-color":"","background-image":"","background-repeat":"repeat","background-position":"center center","background-size":"auto","background-attachment":"scroll","background-type":"","background-media":"","overlay-type":"","overlay-color":"","overlay-opacity":"","overlay-gradient":""},"mobile":{"background-color":"","background-image":"","background-repeat":"repeat","background-position":"center center","background-size":"auto","background-attachment":"scroll","background-type":"","background-media":"","overlay-type":"","overlay-color":"","overlay-opacity":"","overlay-gradient":""}},"ast-content-background-meta":{"desktop":{"background-color":"var(--ast-global-color-4)","background-image":"","background-repeat":"repeat","background-position":"center center","background-size":"auto","background-attachment":"scroll","background-type":"","background-media":"","overlay-type":"","overlay-color":"","overlay-opacity":"","overlay-gradient":""},"tablet":{"background-color":"var(--ast-global-color-4)","background-image":"","background-repeat":"repeat","background-position":"center center","background-size":"auto","background-attachment":"scroll","background-type":"","background-media":"","overlay-type":"","overlay-color":"","overlay-opacity":"","overlay-gradient":""},"mobile":{"background-color":"var(--ast-global-color-4)","background-image":"","background-repeat":"repeat","background-position":"center center","background-size":"auto","background-attachment":"scroll","background-type":"","background-media":"","overlay-type":"","overlay-color":"","overlay-opacity":"","overlay-gradient":""}},"footnotes":""},"class_list":["post-2587","page","type-page","status-publish","hentry"],"_links":{"self":[{"href":"https:\/\/www.eoleenbeauce.fr\/?rest_route=\/wp\/v2\/pages\/2587","targetHints":{"allow":["GET"]}}],"collection":[{"href":"https:\/\/www.eoleenbeauce.fr\/?rest_route=\/wp\/v2\/pages"}],"about":[{"href":"https:\/\/www.eoleenbeauce.fr\/?rest_route=\/wp\/v2\/types\/page"}],"author":[{"embeddable":true,"href":"https:\/\/www.eoleenbeauce.fr\/?rest_route=\/wp\/v2\/users\/1"}],"replies":[{"embeddable":true,"href":"https:\/\/www.eoleenbeauce.fr\/?rest_route=%2Fwp%2Fv2%2Fcomments&post=2587"}],"version-history":[{"count":1,"href":"https:\/\/www.eoleenbeauce.fr\/?rest_route=\/wp\/v2\/pages\/2587\/revisions"}],"predecessor-version":[{"id":2594,"href":"https:\/\/www.eoleenbeauce.fr\/?rest_route=\/wp\/v2\/pages\/2587\/revisions\/2594"}],"wp:attachment":[{"href":"https:\/\/www.eoleenbeauce.fr\/?rest_route=%2Fwp%2Fv2%2Fmedia&parent=2587"}],"curies":[{"name":"wp","href":"https:\/\/api.w.org\/{rel}","templated":true}]}}