{"id":2541,"date":"2026-02-19T21:56:55","date_gmt":"2026-02-19T20:56:55","guid":{"rendered":"https:\/\/www.eoleenbeauce.fr\/?page_id=2541"},"modified":"2026-03-05T22:10:15","modified_gmt":"2026-03-05T21:10:15","slug":"vivre-ensemble","status":"publish","type":"page","link":"https:\/\/www.eoleenbeauce.fr\/vie-municipale\/vivre-ensemble\/","title":{"rendered":"Vivre ensemble"},"content":{"rendered":"<div class=\"page\">\n<div class=\"hero-title-wrap\">\n<h1 class=\"hero-title\">Le Vivre Ensemble<\/h1>\n<div class=\"hero-bar\"><\/div>\n<\/p><\/div>\n<div class=\"intro-text\">\n<p><strong>\u00c9ole-en-Beauce<\/strong> est une commune o\u00f9 il fait bon vivre. N\u00e9e de la fusion de cinq communes historiques, elle cultive un esprit de solidarit\u00e9 et de convivialit\u00e9 entre ses habitants.<\/p>\n<p><strong>Bienvenue aux nouveaux arrivants.<\/strong> Vous venez de vous installer \u00e0 \u00c9ole-en-Beauce ? La mairie vous souhaite la bienvenue et se tient \u00e0 votre disposition pour vous aider dans vos d\u00e9marches et vous faire d\u00e9couvrir notre commune et ses services.<\/p>\n<\/p><\/div>\n<hr class=\"divider\"\/>\n<div class=\"bloc-card\">\n    <img decoding=\"async\" src=\"https:\/\/www.eoleenbeauce.fr\/wp-content\/uploads\/2026\/02\/openclipart-vectors-demonstration-1294299_1280.png\" alt=\"Bruit\"\/><\/p>\n<div class=\"bloc-card-content\">\n<h3>Bruit<\/h3>\n<p>Sur la voie publique et dans les lieux publics, sont interdits les bruits g\u00eanants par leur intensit\u00e9, et notamment ceux provenant de l&rsquo;utilisation de p\u00e9tards ou autres pi\u00e8ces d&rsquo;artifice.<\/p>\n<p>Les travaux de bricolage ou de jardinage r\u00e9alis\u00e9s \u00e0 l&rsquo;aide d&rsquo;appareils pouvant causer une g\u00eane pour le voisinage (tondeuse \u00e0 gazon \u00e0 moteur thermique, tron\u00e7onneuse\u2026) peuvent \u00eatre effectu\u00e9s uniquement :<\/p>\n<ul>\n<li>Les jours ouvrables de 8h30 \u00e0 12h00 et de 14h30 \u00e0 19h30<\/li>\n<li>Les samedis de 9h00 \u00e0 12h00 et de 15h00 \u00e0 19h00<\/li>\n<li>Les dimanches et jours f\u00e9ri\u00e9s de 10h00 \u00e0 12h00<\/li>\n<\/ul>\n<p>Les propri\u00e9taires et possesseurs d&rsquo;animaux, en particulier de chiens, sont tenus de prendre toutes les mesures propres \u00e0 \u00e9viter une g\u00eane pour le voisinage.<\/p>\n<\/p><\/div>\n<\/p><\/div>\n<div class=\"bloc-card\">\n    <img decoding=\"async\" src=\"https:\/\/www.eoleenbeauce.fr\/wp-content\/uploads\/2026\/02\/33428477_8056460-scaled.jpg\" alt=\"Entretien des trottoirs et caniveaux\"\/><\/p>\n<div class=\"bloc-card-content\">\n<h3>Entretien des trottoirs et des caniveaux<\/h3>\n<p>Les propri\u00e9taires ou, le cas \u00e9ch\u00e9ant, les locataires sont tenus d&rsquo;assurer le nettoyage des caniveaux et des trottoirs, ainsi que l&rsquo;enl\u00e8vement des mauvaises herbes en bordure de leur propri\u00e9t\u00e9. Les balayures ne doivent en aucun cas \u00eatre jet\u00e9es sur la voie publique ni dans les avaloirs d&rsquo;eaux pluviales.<\/p>\n<p>Par temps de neige, les propri\u00e9taires sont tenus de d\u00e9gager un passage sur le trottoir devant leur propri\u00e9t\u00e9. Les grilles plac\u00e9es sur les caniveaux doivent \u00e9galement \u00eatre maintenues en \u00e9tat de propret\u00e9 de fa\u00e7on \u00e0 garantir un \u00e9coulement ais\u00e9 des eaux pluviales. Cela \u00e9vite l&rsquo;obstruction des canalisations et limite les risques d&rsquo;inondation en cas de grosses pluies.<\/p>\n<\/p><\/div>\n<\/p><\/div>\n<div class=\"bloc-card\">\n    <img decoding=\"async\" src=\"https:\/\/www.eoleenbeauce.fr\/wp-content\/uploads\/2026\/02\/23926918_1910.i126.052.P.m005.c33.professional-gardener-grass-shrubbery-trees-hedges-set-06-scaled.jpg\" alt=\"Entretien des haies\"\/><\/p>\n<div class=\"bloc-card-content\">\n<h3>Entretien des haies<\/h3>\n<p>Les haies et arbustes situ\u00e9s en bordure de voirie doivent \u00eatre taill\u00e9s de sorte qu&rsquo;ils ne d\u00e9passent pas les limites de propri\u00e9t\u00e9 au droit du domaine public. Les arbres doivent \u00eatre \u00e9lagu\u00e9s de leurs branches dangereuses ou pouvant pr\u00e9senter un danger pour les pi\u00e9tons, la circulation automobile, les r\u00e9seaux a\u00e9riens et susceptibles de g\u00eaner le bon fonctionnement de l&rsquo;\u00e9clairage public.<\/p>\n<\/p><\/div>\n<\/p><\/div>\n<div class=\"bloc-card\">\n    <img decoding=\"async\" src=\"https:\/\/www.eoleenbeauce.fr\/wp-content\/uploads\/2026\/02\/4724261_28623-scaled.jpg\" alt=\"D\u00e9chets\"\/><\/p>\n<div class=\"bloc-card-content\">\n<h3>D\u00e9chets<\/h3>\n<p>Tout d\u00e9p\u00f4t sauvage de d\u00e9chets ou d\u00e9tritus de quelque nature que ce soit, ainsi que toute d\u00e9charge brute de d\u00e9chets m\u00e9nagers ou d\u00e9chets issus d&rsquo;activit\u00e9s artisanales, industrielles ou commerciales sont interdits.<\/p>\n<\/p><\/div>\n<\/p><\/div>\n<div class=\"bloc-card\">\n    <img decoding=\"async\" src=\"https:\/\/www.eoleenbeauce.fr\/wp-content\/uploads\/2026\/02\/6821455_60556-scaled.jpg\" alt=\"Chiens\"\/><\/p>\n<div class=\"bloc-card-content\">\n<h3>Chiens<\/h3>\n<p>Sur la voie publique, les chiens doivent \u00eatre tenus en laisse. Chaque propri\u00e9taire doit veiller \u00e0 ce que son animal ne souille pas par ses d\u00e9jections la voie publique, les espaces verts et les emplacements am\u00e9nag\u00e9s pour les aires de jeux. Le propri\u00e9taire doit se munir de tout moyen \u00e0 sa convenance pour les ramasser.<\/p>\n<\/p><\/div>\n<\/p><\/div>\n<\/div>\n","protected":false},"excerpt":{"rendered":"<p>Le Vivre Ensemble \u00c9ole-en-Beauce est une commune o\u00f9 il fait bon vivre. N\u00e9e de la fusion de cinq communes historiques, [&hellip;]<\/p>\n","protected":false},"author":1,"featured_media":0,"parent":60,"menu_order":1,"comment_status":"closed","ping_status":"closed","template":"","meta":{"site-sidebar-layout":"default","site-content-layout":"","ast-site-content-layout":"default","site-content-style":"default","site-sidebar-style":"default","ast-global-header-display":"","ast-banner-title-visibility":"","ast-main-header-display":"","ast-hfb-above-header-display":"","ast-hfb-below-header-display":"","ast-hfb-mobile-header-display":"","site-post-title":"disabled","ast-breadcrumbs-content":"","ast-featured-img":"","footer-sml-layout":"","ast-disable-related-posts":"","theme-transparent-header-meta":"default","adv-header-id-meta":"","stick-header-meta":"","header-above-stick-meta":"","header-main-stick-meta":"","header-below-stick-meta":"","astra-migrate-meta-layouts":"set","ast-page-background-enabled":"default","ast-page-background-meta":{"desktop":{"background-color":"var(--ast-global-color-5)","background-image":"","background-repeat":"repeat","background-position":"center center","background-size":"auto","background-attachment":"scroll","background-type":"","background-media":"","overlay-type":"","overlay-color":"","overlay-opacity":"","overlay-gradient":""},"tablet":{"background-color":"","background-image":"","background-repeat":"repeat","background-position":"center center","background-size":"auto","background-attachment":"scroll","background-type":"","background-media":"","overlay-type":"","overlay-color":"","overlay-opacity":"","overlay-gradient":""},"mobile":{"background-color":"","background-image":"","background-repeat":"repeat","background-position":"center center","background-size":"auto","background-attachment":"scroll","background-type":"","background-media":"","overlay-type":"","overlay-color":"","overlay-opacity":"","overlay-gradient":""}},"ast-content-background-meta":{"desktop":{"background-color":"var(--ast-global-color-4)","background-image":"","background-repeat":"repeat","background-position":"center center","background-size":"auto","background-attachment":"scroll","background-type":"","background-media":"","overlay-type":"","overlay-color":"","overlay-opacity":"","overlay-gradient":""},"tablet":{"background-color":"var(--ast-global-color-4)","background-image":"","background-repeat":"repeat","background-position":"center center","background-size":"auto","background-attachment":"scroll","background-type":"","background-media":"","overlay-type":"","overlay-color":"","overlay-opacity":"","overlay-gradient":""},"mobile":{"background-color":"var(--ast-global-color-4)","background-image":"","background-repeat":"repeat","background-position":"center center","background-size":"auto","background-attachment":"scroll","background-type":"","background-media":"","overlay-type":"","overlay-color":"","overlay-opacity":"","overlay-gradient":""}},"footnotes":""},"class_list":["post-2541","page","type-page","status-publish","hentry"],"_links":{"self":[{"href":"https:\/\/www.eoleenbeauce.fr\/?rest_route=\/wp\/v2\/pages\/2541","targetHints":{"allow":["GET"]}}],"collection":[{"href":"https:\/\/www.eoleenbeauce.fr\/?rest_route=\/wp\/v2\/pages"}],"about":[{"href":"https:\/\/www.eoleenbeauce.fr\/?rest_route=\/wp\/v2\/types\/page"}],"author":[{"embeddable":true,"href":"https:\/\/www.eoleenbeauce.fr\/?rest_route=\/wp\/v2\/users\/1"}],"replies":[{"embeddable":true,"href":"https:\/\/www.eoleenbeauce.fr\/?rest_route=%2Fwp%2Fv2%2Fcomments&post=2541"}],"version-history":[{"count":15,"href":"https:\/\/www.eoleenbeauce.fr\/?rest_route=\/wp\/v2\/pages\/2541\/revisions"}],"predecessor-version":[{"id":3546,"href":"https:\/\/www.eoleenbeauce.fr\/?rest_route=\/wp\/v2\/pages\/2541\/revisions\/3546"}],"up":[{"embeddable":true,"href":"https:\/\/www.eoleenbeauce.fr\/?rest_route=\/wp\/v2\/pages\/60"}],"wp:attachment":[{"href":"https:\/\/www.eoleenbeauce.fr\/?rest_route=%2Fwp%2Fv2%2Fmedia&parent=2541"}],"curies":[{"name":"wp","href":"https:\/\/api.w.org\/{rel}","templated":true}]}}