{"id":1090,"date":"2019-02-28T21:57:18","date_gmt":"2019-02-28T20:57:18","guid":{"rendered":"http:\/\/www.eoleenbeauce.fr\/?page_id=1090"},"modified":"2026-03-13T05:59:28","modified_gmt":"2026-03-13T04:59:28","slug":"calendrier-salle-polyvalente-de-villeau","status":"publish","type":"page","link":"https:\/\/www.eoleenbeauce.fr\/notre-commune\/les-salles-communales\/les-calendriers-doccupation-des-salles\/calendrier-salle-polyvalente-de-villeau\/","title":{"rendered":"La salle polyvalente de Villeau"},"content":{"rendered":"<div class=\"page\">\n<div class=\"hero-title-wrap\">\n<h1 class=\"hero-title\">La Salle Polyvalente de Villeau<\/h1>\n<div class=\"hero-bar\"><\/div>\n<\/div>\n<div class=\"salle-top-grid\">\n<div class=\"salle-section\">\n<h3>Localisation<\/h3>\n<p class=\"salle-adresse\">La salle polyvalente de Villeau se situe au centre du village.<\/p>\n<p class=\"salle-adresse\">\ud83d\udccd 1 Bis rue de la Grande Barre, Villeau, 28150 \u00c9ole-en-Beauce<\/p>\n<div class=\"salle-map\">\n      <iframe src=\"https:\/\/www.google.com\/maps?q=1+Bis+rue+de+la+Grande+Barre,+Villeau,+28150+\u00c9ole-en-Beauce&#038;output=embed&#038;z=17\" allowfullscreen loading=\"lazy\"><\/iframe>\n    <\/div>\n<\/p><\/div>\n<div class=\"salle-section\">\n<h3>Caract\u00e9ristiques<\/h3>\n<ul class=\"salle-caract\">\n<li>Capacit\u00e9 d&rsquo;accueil debout : <strong>AAA pers.<\/strong><\/li>\n<li>Capacit\u00e9 d&rsquo;accueil assis : <strong>BBB pers.<\/strong><\/li>\n<li>Nombre de chaises : <strong>CCC<\/strong><\/li>\n<li>Nombre de tables (1,20 x 0,80 m) : <strong>DDD<\/strong><\/li>\n<\/ul><\/div>\n<\/div>\n<div class=\"salle-section\">\n<h3>Photos<\/h3>\n<p class=\"salle-photos-notice\">\u26a0\ufe0f Photos pour la construction de la page ne correspondant pas \u00e0 la salle.<\/p>\n<div class=\"salle-photos-group\">\n<h4>Ext\u00e9rieur<\/h4>\n<div class=\"salle-photos-grid\"><a href=\"https:\/\/www.eoleenbeauce.fr\/wp-content\/uploads\/2026\/03\/IMG_4683.jpeg\" target=\"_blank\" rel=\"noopener\"><img decoding=\"async\" src=\"https:\/\/www.eoleenbeauce.fr\/wp-content\/uploads\/2026\/03\/IMG_4683.jpeg\" alt=\"Ext\u00e9rieur 1\" \/><\/a><br \/>\n<a href=\"https:\/\/www.eoleenbeauce.fr\/wp-content\/uploads\/2026\/03\/IMG_4682.jpeg\" target=\"_blank\" rel=\"noopener\"><img decoding=\"async\" src=\"https:\/\/www.eoleenbeauce.fr\/wp-content\/uploads\/2026\/03\/IMG_4682.jpeg\" alt=\"Ext\u00e9rieur 2\" \/><\/a><\/div>\n<\/div>\n<div class=\"salle-photos-group\">\n<h4>Entr\u00e9e<\/h4>\n<div class=\"salle-photos-grid\"><a href=\"https:\/\/www.eoleenbeauce.fr\/wp-content\/uploads\/2026\/03\/IMG_4667-rotated.jpeg\" target=\"_blank\" rel=\"noopener\"><img decoding=\"async\" src=\"https:\/\/www.eoleenbeauce.fr\/wp-content\/uploads\/2026\/03\/IMG_4667-rotated.jpeg\" alt=\"Entr\u00e9e 1\" \/><\/a><br \/>\n<a href=\"https:\/\/www.eoleenbeauce.fr\/wp-content\/uploads\/2026\/03\/IMG_4666-rotated.jpeg\" target=\"_blank\" rel=\"noopener\"><img decoding=\"async\" src=\"https:\/\/www.eoleenbeauce.fr\/wp-content\/uploads\/2026\/03\/IMG_4666-rotated.jpeg\" alt=\"Entr\u00e9e 2\" \/><\/a><\/div>\n<\/div>\n<div class=\"salle-photos-group\">\n<h4>Salle<\/h4>\n<div class=\"salle-photos-grid\"><a href=\"https:\/\/www.eoleenbeauce.fr\/wp-content\/uploads\/2026\/03\/IMG_4654.jpeg\" target=\"_blank\" rel=\"noopener\"><img decoding=\"async\" src=\"https:\/\/www.eoleenbeauce.fr\/wp-content\/uploads\/2026\/03\/IMG_4654.jpeg\" alt=\"Salle 1\" \/><\/a><br \/>\n<a href=\"https:\/\/www.eoleenbeauce.fr\/wp-content\/uploads\/2026\/03\/IMG_4655.jpeg\" target=\"_blank\" rel=\"noopener\"><img decoding=\"async\" src=\"https:\/\/www.eoleenbeauce.fr\/wp-content\/uploads\/2026\/03\/IMG_4655.jpeg\" alt=\"Salle 2\" \/><\/a><br \/>\n<a href=\"https:\/\/www.eoleenbeauce.fr\/wp-content\/uploads\/2026\/03\/IMG_4665.jpeg\" target=\"_blank\" rel=\"noopener\"><img decoding=\"async\" src=\"https:\/\/www.eoleenbeauce.fr\/wp-content\/uploads\/2026\/03\/IMG_4665.jpeg\" alt=\"Salle 3\" \/><\/a><br \/>\n<a href=\"https:\/\/www.eoleenbeauce.fr\/wp-content\/uploads\/2026\/03\/IMG_4677.jpeg\" target=\"_blank\" rel=\"noopener\"><img decoding=\"async\" src=\"https:\/\/www.eoleenbeauce.fr\/wp-content\/uploads\/2026\/03\/IMG_4677.jpeg\" alt=\"Salle 4\" \/><\/a><br \/>\n<a href=\"https:\/\/www.eoleenbeauce.fr\/wp-content\/uploads\/2026\/03\/IMG_4668.jpeg\" target=\"_blank\" rel=\"noopener\"><img decoding=\"async\" src=\"https:\/\/www.eoleenbeauce.fr\/wp-content\/uploads\/2026\/03\/IMG_4668.jpeg\" alt=\"Salle 5\" \/><\/a><\/div>\n<\/div>\n<div class=\"salle-photos-group\">\n<h4>Cuisine<\/h4>\n<div class=\"salle-photos-grid\"><a href=\"https:\/\/www.eoleenbeauce.fr\/wp-content\/uploads\/2026\/03\/IMG_4658.jpeg\" target=\"_blank\" rel=\"noopener\"><img decoding=\"async\" src=\"https:\/\/www.eoleenbeauce.fr\/wp-content\/uploads\/2026\/03\/IMG_4658.jpeg\" alt=\"Cuisine 1\" \/><\/a><br \/>\n<a href=\"https:\/\/www.eoleenbeauce.fr\/wp-content\/uploads\/2026\/03\/IMG_4660.jpeg\" target=\"_blank\" rel=\"noopener\"><img decoding=\"async\" src=\"https:\/\/www.eoleenbeauce.fr\/wp-content\/uploads\/2026\/03\/IMG_4660.jpeg\" alt=\"Cuisine 2\" \/><\/a><br \/>\n<a href=\"https:\/\/www.eoleenbeauce.fr\/wp-content\/uploads\/2026\/03\/IMG_4659.jpeg\" target=\"_blank\" rel=\"noopener\"><img decoding=\"async\" src=\"https:\/\/www.eoleenbeauce.fr\/wp-content\/uploads\/2026\/03\/IMG_4659.jpeg\" alt=\"Cuisine 3\" \/><\/a><\/div>\n<\/div>\n<div class=\"salle-photos-group\">\n<h4>Sanitaires<\/h4>\n<div class=\"salle-photos-grid\"><a href=\"https:\/\/www.eoleenbeauce.fr\/wp-content\/uploads\/2026\/03\/IMG_4678.jpeg\" target=\"_blank\" rel=\"noopener\"><img decoding=\"async\" src=\"https:\/\/www.eoleenbeauce.fr\/wp-content\/uploads\/2026\/03\/IMG_4678.jpeg\" alt=\"Sanitaires 1\" \/><\/a><br \/>\n<a href=\"https:\/\/www.eoleenbeauce.fr\/wp-content\/uploads\/2026\/03\/IMG_4679.jpeg\" target=\"_blank\" rel=\"noopener\"><img decoding=\"async\" src=\"https:\/\/www.eoleenbeauce.fr\/wp-content\/uploads\/2026\/03\/IMG_4679.jpeg\" alt=\"Sanitaires 2\" \/><\/a><\/div>\n<\/div>\n<div class=\"salle-photos-group\">\n<h4>Local technique<\/h4>\n<div class=\"salle-photos-grid\"><a href=\"https:\/\/www.eoleenbeauce.fr\/wp-content\/uploads\/2026\/03\/IMG_4676-rotated.jpeg\" target=\"_blank\" rel=\"noopener\"><img decoding=\"async\" src=\"https:\/\/www.eoleenbeauce.fr\/wp-content\/uploads\/2026\/03\/IMG_4676-rotated.jpeg\" alt=\"Local technique\" \/><\/a><\/div>\n<\/div>\n<\/div>\n<div class=\"salle-section\">\n<h3>Tarifs de location en vigueur<\/h3>\n<p class=\"scroll-info\">\ud83d\udc46 Faites glisser le tableau pour voir tous les tarifs<\/p>\n<div class=\"tarifs-wrap\">\n<table>\n<tbody>\n<tr class=\"header-green\">\n<td><\/td>\n<td colspan=\"2\"><strong>Du 01\/05 au 30\/09<\/strong><\/td>\n<td colspan=\"2\"><strong>Du 01\/10 au 30\/04<\/strong><\/td>\n<\/tr>\n<tr class=\"header-light\">\n<td><\/td>\n<td>Commune<\/td>\n<td>Hors commune<\/td>\n<td>Commune<\/td>\n<td>Hors commune<\/td>\n<\/tr>\n<tr class=\"header-green\">\n<td colspan=\"5\"><strong>Salle polyvalente \u00e0 VILLEAU<\/strong><\/td>\n<\/tr>\n<tr>\n<td><strong>1 jour<\/strong><\/td>\n<td>130 \u20ac<\/td>\n<td>260 \u20ac<\/td>\n<td>160 \u20ac<\/td>\n<td>310 \u20ac<\/td>\n<\/tr>\n<tr class=\"row-alt\">\n<td><strong>2 jours<\/strong><\/td>\n<td>200 \u20ac<\/td>\n<td>400 \u20ac<\/td>\n<td>230 \u20ac<\/td>\n<td>450 \u20ac<\/td>\n<\/tr>\n<tr>\n<td><strong>R\u00e9union \/ vin d&rsquo;honneur (&lt; 4 heures)<\/strong><\/td>\n<td>50 \u20ac<\/td>\n<td>75 \u20ac<\/td>\n<td>70 \u20ac<\/td>\n<td>105 \u20ac<\/td>\n<\/tr>\n<\/tbody>\n<\/table>\n<\/div>\n<p class=\"caution-note\">Un ch\u00e8que de caution de <strong>2.000 \u20ac<\/strong> vous sera \u00e9galement demand\u00e9. Celui-ci sera redonn\u00e9 suite \u00e0 la restitution des cl\u00e9s.<\/p>\n<\/div>\n<div class=\"salle-section\">\n<h3>Calendrier d&rsquo;occupation<\/h3>\n<div class=\"calendrier-wrap\"><iframe src=\"https:\/\/calendar.google.com\/calendar\/embed?height=600&amp;wkst=2&amp;ctz=Europe%2FParis&amp;showPrint=0&amp;showCalendars=0&amp;src=a2M4dWEydTRiYzNwczU1OGYyZHU2MDJ1MHNAZ3JvdXAuY2FsZW5kYXIuZ29vZ2xlLmNvbQ&amp;color=%23795548\" scrolling=\"no\"><\/iframe><\/div>\n<\/div>\n<div class=\"salle-section\">\n<h3>Demande de disponibilit\u00e9 de salle<\/h3>\n<div class=\"form-wrap\">\n<div class=\"wpcf7 no-js\" id=\"wpcf7-f3142-o1\" lang=\"fr-FR\" dir=\"ltr\" data-wpcf7-id=\"3142\">\n<div class=\"screen-reader-response\"><p role=\"status\" aria-live=\"polite\" aria-atomic=\"true\"><\/p> <ul><\/ul><\/div>\n<form action=\"\/?rest_route=%2Fwp%2Fv2%2Fpages%2F1090#wpcf7-f3142-o1\" method=\"post\" class=\"wpcf7-form init\" aria-label=\"Formulaire de contact\" novalidate=\"novalidate\" data-status=\"init\">\n<fieldset class=\"hidden-fields-container\"><input type=\"hidden\" name=\"_wpcf7\" value=\"3142\" \/><input type=\"hidden\" name=\"_wpcf7_version\" value=\"6.1.5\" \/><input type=\"hidden\" name=\"_wpcf7_locale\" value=\"fr_FR\" \/><input type=\"hidden\" name=\"_wpcf7_unit_tag\" value=\"wpcf7-f3142-o1\" \/><input type=\"hidden\" name=\"_wpcf7_container_post\" value=\"0\" \/><input type=\"hidden\" name=\"_wpcf7_posted_data_hash\" value=\"\" \/>\n<\/fieldset>\n<div class=\"cf7-ligne-3\">\n\t<div>\n\t\t<p><label>Civilit\u00e9 <span class=\"wpcf7-form-control-wrap\" data-name=\"civilite\"><select class=\"wpcf7-form-control wpcf7-select\" aria-invalid=\"false\" name=\"civilite\"><option value=\"Madame\">Madame<\/option><option value=\"Monsieur\">Monsieur<\/option><\/select><\/span><\/label>\n\t\t<\/p>\n\t<\/div>\n\t<div>\n\t\t<p><label>Nom * <span class=\"wpcf7-form-control-wrap\" data-name=\"nom\"><input size=\"40\" maxlength=\"400\" class=\"wpcf7-form-control wpcf7-text wpcf7-validates-as-required\" aria-required=\"true\" aria-invalid=\"false\" placeholder=\"Votre nom\" value=\"\" type=\"text\" name=\"nom\" \/><\/span><\/label>\n\t\t<\/p>\n\t<\/div>\n\t<div>\n\t\t<p><label>Pr\u00e9nom * <span class=\"wpcf7-form-control-wrap\" data-name=\"prenom\"><input size=\"40\" maxlength=\"400\" class=\"wpcf7-form-control wpcf7-text wpcf7-validates-as-required\" aria-required=\"true\" aria-invalid=\"false\" placeholder=\"Votre pr\u00e9nom\" value=\"\" type=\"text\" name=\"prenom\" \/><\/span><\/label>\n\t\t<\/p>\n\t<\/div>\n<\/div>\n<p><label>Adresse *<br \/>\n<span class=\"wpcf7-form-control-wrap\" data-name=\"adresse\"><input size=\"40\" maxlength=\"400\" class=\"wpcf7-form-control wpcf7-text wpcf7-validates-as-required\" aria-required=\"true\" aria-invalid=\"false\" placeholder=\"Votre adresse\" value=\"\" type=\"text\" name=\"adresse\" \/><\/span><br \/>\n<\/label>\n<\/p>\n<div class=\"cf7-codepostal\">\n\t<div>\n\t\t<p><label>Code postal * <span class=\"wpcf7-form-control-wrap\" data-name=\"codepostal\"><input size=\"40\" maxlength=\"400\" class=\"wpcf7-form-control wpcf7-text wpcf7-validates-as-required\" aria-required=\"true\" aria-invalid=\"false\" placeholder=\"00000\" value=\"\" type=\"text\" name=\"codepostal\" \/><\/span><\/label>\n\t\t<\/p>\n\t<\/div>\n\t<div>\n\t\t<p><label>Ville * <span class=\"wpcf7-form-control-wrap\" data-name=\"ville\"><input size=\"40\" maxlength=\"400\" class=\"wpcf7-form-control wpcf7-text wpcf7-validates-as-required\" aria-required=\"true\" aria-invalid=\"false\" placeholder=\"Votre ville\" value=\"\" type=\"text\" name=\"ville\" \/><\/span><\/label>\n\t\t<\/p>\n\t<\/div>\n<\/div>\n<div class=\"cf7-ligne-2\">\n\t<div>\n\t\t<p><label>T\u00e9l\u00e9phone * <span class=\"wpcf7-form-control-wrap\" data-name=\"telephone\"><input size=\"40\" maxlength=\"400\" class=\"wpcf7-form-control wpcf7-tel wpcf7-validates-as-required wpcf7-text wpcf7-validates-as-tel\" aria-required=\"true\" aria-invalid=\"false\" placeholder=\"Votre t\u00e9l\u00e9phone\" value=\"\" type=\"tel\" name=\"telephone\" \/><\/span><\/label>\n\t\t<\/p>\n\t<\/div>\n\t<div>\n\t\t<p><label>E-mail * <span class=\"wpcf7-form-control-wrap\" data-name=\"email\"><input size=\"40\" maxlength=\"400\" class=\"wpcf7-form-control wpcf7-email wpcf7-validates-as-required wpcf7-text wpcf7-validates-as-email\" aria-required=\"true\" aria-invalid=\"false\" placeholder=\"Votre e-mail\" value=\"\" type=\"email\" name=\"email\" \/><\/span><\/label>\n\t\t<\/p>\n\t<\/div>\n<\/div>\n<p><label>Salle souhait\u00e9e *<br \/>\n<span class=\"wpcf7-form-control-wrap\" data-name=\"salle\"><select class=\"wpcf7-form-control wpcf7-select wpcf7-validates-as-required\" aria-required=\"true\" aria-invalid=\"false\" name=\"salle\"><option value=\"Salle Polyvalente de Baignolet\">Salle Polyvalente de Baignolet<\/option><option value=\"Salle Polyvalente de Fains-la-Folie\">Salle Polyvalente de Fains-la-Folie<\/option><option value=\"Salle des F\u00eates de Germignonville\">Salle des F\u00eates de Germignonville<\/option><option value=\"Salle de Quartier de Viabon\">Salle de Quartier de Viabon<\/option><option value=\"Salle Polyvalente de Villeau\">Salle Polyvalente de Villeau<\/option><option value=\"Petite Salle de Baignolet\">Petite Salle de Baignolet<\/option><option value=\"Petite Salle de Fains-la-Folie\">Petite Salle de Fains-la-Folie<\/option><option value=\"Petite Salle de Viabon\">Petite Salle de Viabon<\/option><\/select><\/span><br \/>\n<\/label>\n<\/p>\n<h4><strong>Dates souhait\u00e9es<\/strong>\n<\/h4>\n<h5>Choix n\u00b01\n<\/h5>\n<div class=\"cf7-dates\">\n\t<div>\n\t\t<p><label>Date de d\u00e9but \ud83d\udcc5 <span class=\"wpcf7-form-control-wrap\" data-name=\"date1_debut\"><input class=\"wpcf7-form-control wpcf7-date wpcf7-validates-as-required wpcf7-validates-as-date\" aria-required=\"true\" aria-invalid=\"false\" placeholder=\"jj\/mm\/aaaa\" value=\"\" type=\"date\" name=\"date1_debut\" \/><\/span><\/label>\n\t\t<\/p>\n\t<\/div>\n\t<div>\n\t\t<p><label>Date de fin \ud83d\udcc5 <span class=\"wpcf7-form-control-wrap\" data-name=\"date1_fin\"><input class=\"wpcf7-form-control wpcf7-date wpcf7-validates-as-required wpcf7-validates-as-date\" aria-required=\"true\" aria-invalid=\"false\" placeholder=\"jj\/mm\/aaaa\" value=\"\" type=\"date\" name=\"date1_fin\" \/><\/span><\/label>\n\t\t<\/p>\n\t<\/div>\n<\/div>\n<h5>Choix n\u00b02\n<\/h5>\n<div class=\"cf7-dates\">\n\t<div>\n\t\t<p><label>Date de d\u00e9but \ud83d\udcc5 <span class=\"wpcf7-form-control-wrap\" data-name=\"date2_debut\"><input class=\"wpcf7-form-control wpcf7-date wpcf7-validates-as-date\" aria-invalid=\"false\" placeholder=\"jj\/mm\/aaaa\" value=\"\" type=\"date\" name=\"date2_debut\" \/><\/span><\/label>\n\t\t<\/p>\n\t<\/div>\n\t<div>\n\t\t<p><label>Date de fin \ud83d\udcc5 <span class=\"wpcf7-form-control-wrap\" data-name=\"date2_fin\"><input class=\"wpcf7-form-control wpcf7-date wpcf7-validates-as-date\" aria-invalid=\"false\" placeholder=\"jj\/mm\/aaaa\" value=\"\" type=\"date\" name=\"date2_fin\" \/><\/span><\/label>\n\t\t<\/p>\n\t<\/div>\n<\/div>\n<h5>Choix n\u00b03\n<\/h5>\n<div class=\"cf7-dates\">\n\t<div>\n\t\t<p><label>Date de d\u00e9but \ud83d\udcc5 <span class=\"wpcf7-form-control-wrap\" data-name=\"date3_debut\"><input class=\"wpcf7-form-control wpcf7-date wpcf7-validates-as-date\" aria-invalid=\"false\" placeholder=\"jj\/mm\/aaaa\" value=\"\" type=\"date\" name=\"date3_debut\" \/><\/span><\/label>\n\t\t<\/p>\n\t<\/div>\n\t<div>\n\t\t<p><label>Date de fin \ud83d\udcc5 <span class=\"wpcf7-form-control-wrap\" data-name=\"date3_fin\"><input class=\"wpcf7-form-control wpcf7-date wpcf7-validates-as-date\" aria-invalid=\"false\" placeholder=\"jj\/mm\/aaaa\" value=\"\" type=\"date\" name=\"date3_fin\" \/><\/span><\/label>\n\t\t<\/p>\n\t<\/div>\n<\/div>\n<p><label>Raison de la r\u00e9servation<br \/>\n<span class=\"wpcf7-form-control-wrap\" data-name=\"raison\"><textarea cols=\"40\" rows=\"3\" maxlength=\"2000\" class=\"wpcf7-form-control wpcf7-textarea wpcf7-validates-as-required\" id=\"raison\" aria-required=\"true\" aria-invalid=\"false\" placeholder=\"D\u00e9crivez la raison de votre r\u00e9servation\" name=\"raison\"><\/textarea><\/span><br \/>\n<\/label>\n<\/p>\n<p><input class=\"wpcf7-form-control wpcf7-submit has-spinner\" type=\"submit\" value=\"Envoyer ma demande\" \/>\n<\/p><div class=\"wpcf7-response-output\" aria-hidden=\"true\"><\/div>\n<\/form>\n<\/div>\n<\/div>\n<\/div>\n<div class=\"salle-section\">\n<h3>Les salles communales<\/h3>\n<div class=\"btn-salles-grid\">\n<div class=\"btn-salle-item\"><a href=\"https:\/\/www.eoleenbeauce.fr\/?page_id=859\">Salle polyvalente de Baignolet<\/a><\/div>\n<div class=\"btn-salle-item\"><a href=\"https:\/\/www.eoleenbeauce.fr\/?page_id=865\">Petite salle de Baignolet<\/a><\/div>\n<div class=\"btn-salle-item\"><a href=\"https:\/\/www.eoleenbeauce.fr\/?page_id=812\">Salle polyvalente de Fains-la-Folie<\/a><\/div>\n<div class=\"btn-salle-item\"><a href=\"https:\/\/www.eoleenbeauce.fr\/?page_id=869\">Salle de r\u00e9union de Fains-la-Folie<\/a><\/div>\n<div class=\"btn-salle-item\"><a href=\"https:\/\/www.eoleenbeauce.fr\/?page_id=861\">Salle polyvalente de Germignonville<\/a><\/div>\n<div class=\"btn-salle-item\"><a href=\"https:\/\/www.eoleenbeauce.fr\/?page_id=863\">Salle de Quartier de Viabon<\/a><\/div>\n<div class=\"btn-salle-item\"><a href=\"https:\/\/www.eoleenbeauce.fr\/?page_id=867\">Petite salle de Viabon<\/a><\/div>\n<div class=\"btn-salle-item\"><a href=\"https:\/\/www.eoleenbeauce.fr\/notre-commune\/les-salles-communales\/les-calendriers-doccupation-des-salles\/calendrier-salle-polyvalente-de-villeau\/\" target=\"_blank\" rel=\"noopener\">Salle polyvalente de Villeau<\/a><\/div>\n<\/div>\n<\/div>\n<\/div>\n","protected":false},"excerpt":{"rendered":"<p>La Salle Polyvalente de Villeau Localisation La salle polyvalente de Villeau se situe au centre du village. \ud83d\udccd 1 Bis [&hellip;]<\/p>\n","protected":false},"author":1,"featured_media":0,"parent":1280,"menu_order":8,"comment_status":"closed","ping_status":"closed","template":"","meta":{"site-sidebar-layout":"default","site-content-layout":"","ast-site-content-layout":"default","site-content-style":"default","site-sidebar-style":"default","ast-global-header-display":"","ast-banner-title-visibility":"","ast-main-header-display":"","ast-hfb-above-header-display":"","ast-hfb-below-header-display":"","ast-hfb-mobile-header-display":"","site-post-title":"disabled","ast-breadcrumbs-content":"","ast-featured-img":"","footer-sml-layout":"","ast-disable-related-posts":"","theme-transparent-header-meta":"default","adv-header-id-meta":"","stick-header-meta":"","header-above-stick-meta":"","header-main-stick-meta":"","header-below-stick-meta":"","astra-migrate-meta-layouts":"set","ast-page-background-enabled":"default","ast-page-background-meta":{"desktop":{"background-color":"var(--ast-global-color-5)","background-image":"","background-repeat":"repeat","background-position":"center center","background-size":"auto","background-attachment":"scroll","background-type":"","background-media":"","overlay-type":"","overlay-color":"","overlay-opacity":"","overlay-gradient":""},"tablet":{"background-color":"","background-image":"","background-repeat":"repeat","background-position":"center center","background-size":"auto","background-attachment":"scroll","background-type":"","background-media":"","overlay-type":"","overlay-color":"","overlay-opacity":"","overlay-gradient":""},"mobile":{"background-color":"","background-image":"","background-repeat":"repeat","background-position":"center center","background-size":"auto","background-attachment":"scroll","background-type":"","background-media":"","overlay-type":"","overlay-color":"","overlay-opacity":"","overlay-gradient":""}},"ast-content-background-meta":{"desktop":{"background-color":"var(--ast-global-color-4)","background-image":"","background-repeat":"repeat","background-position":"center center","background-size":"auto","background-attachment":"scroll","background-type":"","background-media":"","overlay-type":"","overlay-color":"","overlay-opacity":"","overlay-gradient":""},"tablet":{"background-color":"var(--ast-global-color-4)","background-image":"","background-repeat":"repeat","background-position":"center center","background-size":"auto","background-attachment":"scroll","background-type":"","background-media":"","overlay-type":"","overlay-color":"","overlay-opacity":"","overlay-gradient":""},"mobile":{"background-color":"var(--ast-global-color-4)","background-image":"","background-repeat":"repeat","background-position":"center center","background-size":"auto","background-attachment":"scroll","background-type":"","background-media":"","overlay-type":"","overlay-color":"","overlay-opacity":"","overlay-gradient":""}},"footnotes":""},"class_list":["post-1090","page","type-page","status-publish","hentry"],"_links":{"self":[{"href":"https:\/\/www.eoleenbeauce.fr\/?rest_route=\/wp\/v2\/pages\/1090","targetHints":{"allow":["GET"]}}],"collection":[{"href":"https:\/\/www.eoleenbeauce.fr\/?rest_route=\/wp\/v2\/pages"}],"about":[{"href":"https:\/\/www.eoleenbeauce.fr\/?rest_route=\/wp\/v2\/types\/page"}],"author":[{"embeddable":true,"href":"https:\/\/www.eoleenbeauce.fr\/?rest_route=\/wp\/v2\/users\/1"}],"replies":[{"embeddable":true,"href":"https:\/\/www.eoleenbeauce.fr\/?rest_route=%2Fwp%2Fv2%2Fcomments&post=1090"}],"version-history":[{"count":23,"href":"https:\/\/www.eoleenbeauce.fr\/?rest_route=\/wp\/v2\/pages\/1090\/revisions"}],"predecessor-version":[{"id":4194,"href":"https:\/\/www.eoleenbeauce.fr\/?rest_route=\/wp\/v2\/pages\/1090\/revisions\/4194"}],"up":[{"embeddable":true,"href":"https:\/\/www.eoleenbeauce.fr\/?rest_route=\/wp\/v2\/pages\/1280"}],"wp:attachment":[{"href":"https:\/\/www.eoleenbeauce.fr\/?rest_route=%2Fwp%2Fv2%2Fmedia&parent=1090"}],"curies":[{"name":"wp","href":"https:\/\/api.w.org\/{rel}","templated":true}]}}